oes 6 divide 3855515?
False
Is 40297 a multiple of 13?
False
Is 22423914 a multiple of 342?
True
Does 389 divide 1101882?
False
Does 132 divide 183055?
False
Is 221937 a multiple of 401?
False
Is 957 a factor of 906279?
True
Is 31 a factor of 9312?
False
Does 193 divide 1708551?
False
Is 102285 a multiple of 6?
False
Does 126 divide 788004?
True
Does 854 divide 3501118?
False
Is 18 a factor of 537696?
True
Does 46 divide 14827686?
True
Does 40 divide 27146?
False
Is 130 a factor of 57590?
True
Is 927693 a multiple of 117?
True
Is 38527 a multiple of 89?
False
Is 13893404 a multiple of 14?
True
Is 501989 a multiple of 68?
False
Does 50 divide 299000?
True
Is 125712 a multiple of 108?
True
Is 169426 a multiple of 19?
False
Is 18 a factor of 7240230?
True
Is 14 a factor of 639626?
False
Is 88 a factor of 236984?
True
Does 209 divide 576979?
False
Does 72 divide 403287?
False
Is 8512745 a multiple of 582?
False
Is 486297 a multiple of 83?
True
Does 46 divide 7152?
False
Is 1651 a factor of 12711049?
True
Is 219 a factor of 255354?
True
Is 14487 a multiple of 11?
True
Is 264270 a multiple of 138?
True
Is 267 a factor of 2312220?
True
Is 107758 a multiple of 14?
True
Is 398442 a multiple of 323?
False
Is 262506 a multiple of 22?
False
Is 289538 a multiple of 142?
True
Is 61 a factor of 564433?
True
Is 1232 a factor of 950133?
False
Does 117 divide 1854401?
False
Does 9 divide 33763?
False
Is 103800 a multiple of 4?
True
Is 150 a factor of 1074441?
False
Is 347 a factor of 392804?
True
Does 128 divide 510479?
False
Is 245537 a multiple of 5?
False
Does 22 divide 1241608?
False
Is 12785 a multiple of 23?
False
Is 112560 a multiple of 280?
True
Does 55 divide 975535?
True
Is 800838 a multiple of 829?
False
Does 69 divide 410274?
True
Does 51 divide 140097?
True
Is 2619427 a multiple of 171?
False
Does 299 divide 600685?
False
Is 3976881 a multiple of 18?
False
Does 13 divide 253656?
True
Does 241 divide 521594?
False
Is 387 a factor of 12427914?
False
Is 93 a factor of 3072441?
True
Is 30 a factor of 27660?
True
Is 2011030 a multiple of 10?
True
Does 11 divide 16307650?
False
Is 1818 a factor of 4252302?
True
Is 8 a factor of 66240?
True
Does 266 divide 3634092?
True
Is 30719 a multiple of 13?
True
Does 463 divide 175014?
True
Is 18 a factor of 1089187?
False
Does 191 divide 2285124?
True
Does 11 divide 254713?
False
Is 2832548 a multiple of 5?
False
Is 736424 a multiple of 11?
False
Is 8 a factor of 6376?
True
Is 255796 a multiple of 319?
False
Is 142740 a multiple of 468?
True
Does 38 divide 1747961?
False
Does 6 divide 55951?
False
Does 65 divide 91975?
True
Does 51 divide 948399?
False
Is 154 a factor of 411796?
True
Is 6147312 a multiple of 996?
True
Does 418 divide 106562?
False
Does 199 divide 404273?
False
Is 1509158 a multiple of 703?
False
Is 38597 a multiple of 21?
False
Is 5 a factor of 71433?
False
Is 4 a factor of 257865?
False
Is 4 a factor of 6959802?
False
Is 2592210 a multiple of 15?
True
Is 3 a factor of 36768?
True
Is 10 a factor of 911422?
False
Is 13 a factor of 106964?
True
Does 26 divide 242017?
False
Does 170 divide 205382?
False
Is 1951383 a multiple of 108?
False
Is 113 a factor of 3879923?
False
Is 143360 a multiple of 16?
True
Is 47 a factor of 425115?
True
Is 1053949 a multiple of 3?
False
Is 1090951 a multiple of 288?
False
Does 2 divide 6948600?
True
Does 27 divide 65072?
False
Is 1318796 a multiple of 46?
False
Is 19622873 a multiple of 10?
False
Is 268714 a multiple of 736?
False
Is 25036 a multiple of 11?
True
Does 13 divide 153630?
False
Is 659 a factor of 3240132?
False
Is 2212 a factor of 8929844?
True
Is 10587 a multiple of 31?
False
Is 2616096 a multiple of 112?
True
Is 228930 a multiple of 30?
True
Is 16 a factor of 42480?
True
Does 489 divide 3966768?
True
Is 156308 a multiple of 46?
True
Does 244 divide 697110?
False
Is 6 a factor of 615054?
True
Is 182 a factor of 720538?
True
Is 534223 a multiple of 589?
True
Is 45 a factor of 14805?
True
Is 23 a factor of 11145823?
True
Is 63882 a multiple of 54?
True
Is 323 a factor of 1852405?
True
Is 1366387 a multiple of 31?
True
Does 98 divide 192276?
True
Is 666225 a multiple of 35?
True
Is 22 a factor of 120140?
False
Does 152 divide 18613616?
True
Is 4201734 a multiple of 181?
True
Is 19 a factor of 2228472?
True
Does 396 divide 1404612?
True
Is 14 a factor of 350294?
True
Is 2269068 a multiple of 1093?
True
Is 5318572 a multiple of 25?
False
Does 160 divide 33421?
False
Does 844 divide 307216?
True
Does 9 divide 1662606?
True
Is 1683 a multiple of 99?
True
Is 18 a factor of 272628?
True
Is 1479 a multiple of 14?
False
Is 205898 a multiple of 154?
True
Is 106701 a multiple of 21?
True
Is 23 a factor of 374095?
True
Does 6 divide 3526329?
False
Does 376 divide 1166728?
True
Is 126171 a multiple of 44?
False
Is 1941652 a multiple of 421?
True
Is 144 a factor of 992282?
False
Is 471 a factor of 29867540?
False
Does 14 divide 15078?
True
Is 18 a factor of 2390040?
True
Is 9094032 a multiple of 751?
False
Does 17 divide 11981?
False
Is 244501 a multiple of 55?
False
Does 19 divide 510230?
False
Is 414825 a multiple of 75?
True
Is 8123 a multiple of 255?
False
Does 16 divide 161118?
False
Is 4052400 a multiple of 30?
True
Does 550 divide 2962177?
False
Is 38086 a multiple of 12?
False
Is 59 a factor of 184179?
False
Does 122 divide 5511960?
True
Is 9216 a multiple of 576?
True
Is 803 a factor of 11221224?
False
Is 24 a factor of 210360?
True
Is 5533984 a multiple of 168?
False
Is 47 a factor of 920871?
True
Is 273962 a multiple of 514?
True
Is 69 a factor of 1783412?
False
Is 3052990 a multiple of 240?
False
Is 224 a factor of 8736?
True
Is 1007822 a multiple of 20?
False
Is 193 a factor of 570402?
False
Does 44 divide 1980968?
True
Is 129 a factor of 180729?
True
Does 15 divide 3837930?
True
Does 6 divide 108984?
True
Is 9 a factor of 3528687?
False
Is 1809710 a multiple of 111?
False
Is 23 a factor of 123304?
False
Is 45556 a multiple of 28?
True
Is 18720 a multiple of 40?
True
Is 28 a factor of 3430448?
True
Does 392 divide 369971?
False
Is 33758158 a multiple of 1127?
True
Is 77 a factor of 772618?
True
Does 109 divide 144578?
False
Is 473 a factor of 175483?
True
Is 36 a factor of 82489?
False
Does 236 divide 413317?
False
Is 97 a factor of 1929008?
False
Is 24 a factor of 164496?
True
Is 81482 a multiple of 262?
True
Is 1780224 a multiple of 61?
True
Is 182 a factor of 9887126?
False
Does 658 divide 4552044?
True
Is 6690455 a multiple of 26?
False
Is 135010 a multiple of 115?
True
Is 20 a factor of 539220?
True
Does 197 divide 548251?
True
Is 197 a factor of 118135?
False
Does 248 divide 621488?
True
Is 227386 a multiple of 94?
True
Is 247806 a multiple of 26?
True
Does 104 divide 9080032?
True
Is 4184 a multiple of 3?
False
Is 650230 a multiple of 490?
True
Is 1508208 a multiple of 39?
True
Is 680301 a multiple of 103?
False
Is 214578 a multiple of 393?
True
Is 979830 a multiple of 114?
True
Is 217 a factor of 329189?
True
Does 78 divide 65442?
True
Does 8 divide 10188472?
True
Does 16 divide 123256?
False
Is 60 a factor of 165300?
True
Is 2 a factor of 239493?
False
Is 155157 a multiple of 123?
False
Is 9 a factor of 1083618?
True
Is 244409 a multiple of 76?
False
Does 5 divide 31735?
True
Does 38 divide 417240?
True
Is 11 a factor of 7620272?
True
Is 162346 a multiple of 27?
False
Is 2874575 a multiple of 20?
False
Does 33 divide 220869?
True
Is 188288 a multiple of 24?
False
Does 1110 divide 219013?
False
Does 22 divide 440395?
False
Is 25 a factor of 115375?
True
Is 23 a factor of 535463?
True
Is 32 a factor of 3396522?
False
Is 30 a factor of 3296315?
False
Is 15 a factor of 2044370?
False
Is 5946753 a multiple of 17?
True
Is 723 a factor of 1134558?
False
Is 13 a factor of 70226?
True
Is 11491 a multiple of 53?
False
Is 68885 a multiple of 2?
False
Is 152879 a multiple of 35?
False
Is 4230852 a multiple of 12?
True
Is 318 a factor of 195203?
False
Does 125 divide 2391755?
False
Does 711 divide 450202?
False
Does 83 divide 750946?
False
Does 35 divide 13522005?
True
Is 67 a factor of 1144025?
True
Does 413 divide 5314047?
False
Does 407 divide 542531?
True
Is 598715 a multiple of 151?
True
Is 12317104 a multiple of 112?
False
Does 10 divide 1925593?
False